955?
5
What is the units digit of 43505048?
8
What is the ten millions digit of 24294198?
2
What is the units digit of 6284980160?
0
What is the hundred thousands digit of 1475800674?
8
What is the hundred millions digit of 4354848445?
3
What is the millions digit of 1013588269?
3
What is the billions digit of 2920868141?
2
What is the hundred thousands digit of 5013853634?
8
What is the hundred millions digit of 146031210?
1
What is the ten thousands digit of 559064247?
6
What is the hundreds digit of 3780140187?
1
What is the units digit of 1809103852?
2
What is the hundred thousands digit of 4305251972?
2
What is the units digit of 44583883?
3
What is the thousands digit of 157833609?
3
What is the units digit of 104347364?
4
What is the tens digit of 930355639?
3
What is the hundred millions digit of 5152282535?
1
What is the hundreds digit of 346629292?
2
What is the units digit of 89397334?
4
What is the units digit of 29160388?
8
What is the hundred thousands digit of 4128702420?
7
What is the hundred thousands digit of 17302688?
3
What is the ten millions digit of 658493527?
5
What is the units digit of 791371099?
9
What is the millions digit of 32416005?
2
What is the ten thousands digit of 2413158?
1
What is the millions digit of 4441031416?
1
What is the hundred millions digit of 643514314?
6
What is the millions digit of 95240552?
5
What is the thousands digit of 99807354?
7
What is the ten thousands digit of 810536281?
3
What is the thousands digit of 3126176367?
6
What is the hundreds digit of 134251412?
4
What is the ten millions digit of 11579576?
1
What is the hundred millions digit of 1511110198?
5
What is the hundreds digit of 264545164?
1
What is the hundred thousands digit of 1294788493?
7
What is the thousands digit of 4472963962?
3
What is the hundreds digit of 2937150359?
3
What is the hundred millions digit of 742471995?
7
What is the hundreds digit of 3947088486?
4
What is the tens digit of 4616501576?
7
What is the hundred thousands digit of 697891595?
8
What is the hundreds digit of 1892829855?
8
What is the thousands digit of 126664510?
4
What is the hundred thousands digit of 43106815?
1
What is the tens digit of 43380717?
1
What is the hundreds digit of 398522303?
3
What is the ten thousands digit of 294508657?
0
What is the millions digit of 484346819?
4
What is the units digit of 331215085?
5
What is the millions digit of 1171392748?
1
What is the thousands digit of 62385458?
5
What is the hundred millions digit of 5410714381?
4
What is the ten thousands digit of 207576149?
7
What is the tens digit of 230679490?
9
What is the units digit of 37466318?
8
What is the tens digit of 20992288?
8
What is the hundred thousands digit of 133842749?
8
What is the hundreds digit of 269572745?
7
What is the tens digit of 2748714504?
0
What is the hundred thousands digit of 110296292?
2
What is the thousands digit of 15733098?
3
What is the billions digit of 3531402974?
3
What is the thousands digit of 1237635?
7
What is the ten millions digit of 86332073?
8
What is the hundreds digit of 168361368?
3
What is the hundred thousands digit of 5607034726?
0
What is the hundreds digit of 192315710?
7
What is the ten thousands digit of 3022047745?
4
What is the ten millions digit of 863100981?
6
What is the units digit of 4352024913?
3
What is the units digit of 177006598?
8
What is the hundreds digit of 56352627?
6
What is the hundreds digit of 101933429?
4
What is the units digit of 3037150704?
4
What is the hundred thousands digit of 201862495?
8
What is the units digit of 757694898?
8
What is the ten millions digit of 523478580?
2
What is the ten thousands digit of 1622485963?
8
What is the hundred thousands digit of 92992626?
9
What is the millions digit of 197917228?
7
What is the hundred millions digit of 145832606?
1
What is the billions digit of 2578094084?
2
What is the units digit of 941606593?
3
What is the ten thousands digit of 1378087527?
8
What is the thousands digit of 499897427?
7
What is the tens digit of 222567975?
7
What is the millions digit of 1862139698?
2
What is the ten millions digit of 130158853?
3
What is the units digit of 3893388813?
3
What is the thousands digit of 455978379?
8
What is the hundred thousands digit of 69817694?
8
What is the hundred millions digit of 741504114?
7
What is the hundred millions digit of 548657161?
5
What is the thousands digit of 441559130?
9
What is the hundred thousands digit of 117005564?
0
What is the units digit of 369658014?
4
What is the tens digit of 101779067?
6
What is the ten thousands digit of 151208511?
0
What is the ten thousands digit of 118696048?
9
What is the thousands digit of 29912058?
2
What is the hundred thousands digit of 158613167?
6
What is the tens digit of 522319882?
8
What is the thousands digit of 1015930745?
0
What is the billions digit of 2272035250?
2
What is the ten thousands digit of 2651103203?
0
What is the thousands digit of 54744803?
4
What is the tens digit of 537775308?
0
What is the hundreds digit of 1880569288?
2
What is the ten millions digit of 124412730?
2
What is the hundreds digit of 1866146155?
1
What is the millions digit of 7001932?
7
What is the tens digit of 733152877?
7
What is the ten thousands digit of 34055389?
5
What is the ten millions digit of 22963688?
2
What is the billions digit of 1105957955?
1
What is the tens digit of 91505497?
9
What is the tens digit of 742822620?
2
What is the units digit of 4853683?
3
What is the millions digit of 27441218?
7
What is the hundred thousands digit of 2639053509?
0
What is the ten millions digit of 82252874?
8
What is the hundreds digit of 219037496?
4
What is the tens digit of 1444366858?
5
What is the tens digit of 68236746?
4
What is the tens digit of 165442968?
6
What is the units digit of 912100491?
1
What is the thousands digit of 1886578814?
8
What is the ten millions digit of 205538190?
0
What is the hundred thousands digit of 6288760?
2
What is the ten thousands digit of 8533953236?
5
What is the hundreds digit of 15785647?
6
What is the millions digit of 255764698?
5
What is the ten thousands digit of 955656845?
5
What is the tens digit of 5134486220?
2
What is the millions digit of 7308701?
7
What is the millions digit of 49961356?
9
What is the hundred millions digit of 107159724?
1
What is the tens digit of 603937530?
3
What is the ten thousands digit of 177804169?
0
What is the units digit of 50627294?
4
What is the units digit of 1811772092?
2
What is the millions digit of 247888568?
7
What is the ten millions digit of 72231686?
7
What is the ten millions digit of 205592908?
0
What is the hundreds digit of 8599540?
5
What is the hundred millions digit of 109123308?
1
What is the tens digit of 8886421?
2
What is the units digit of 1532995?
5
What is the millions digit of 4239249738?
9
What is the millions digit of 76942180?
6
What is the millions digit of 3349237?
3
What is the billions digit of 2530545416?
2
What is the millions digit of 109912335?
9
What is the tens digit of 200335221?
2
What is the thousands digit of 1347177732?
7
What is the thousands digit of 1371062884?
2
What is the hundred millions digit of 708101665?
7
What is the ten millions digit of 14857108?
1
What is the hundreds digit of 447337345?
3
What is the tens digit of 629204770?
7
What is the billions digit of 1058649452?
1
What is the hundred millions digit of 2908156689?
9
What is the billions digit of 1036576997?
1
What is the thousands digit of 565271891?
1
What is the thousands digit of 3021750535?
0
What is the ten millions digit of 103891688?
0
What is the ten millions digit of 146520461?
4
What is the units digit of 130818085?
5
What is the tens digit of 978801605?
0
What is the hundreds digit of 632768709?
7
What is the tens digit of 45457912?
1
What is the ten millions digit of 213930399?
1
What is the ten thousands digit of 203221607?
2
What is the units digit of 7331197901?
1
What is the tens digit of 367888542?
4
What is the units digit of 209573743?
3
What is the millions digit of 29673221?
9
What is the ten thousands digit of 17494693?
9
What is the hundred millions digit of 361740304?
3
What is the hundreds digit of 38207892?
8
What is the millions digit of 195383295